**2 + 5*v - 2. Let p(i) = -3*j(i) - 2*t(i). Let y(k) = -k**2 + 15*k + 99. Let m be y(20). What is p(m)?
-18
Let v(o) = -5*o**3 - 115*o + 1 + 117*o + 3*o**3 - 2*o**2. Let p be v(-2). Suppose 0 = -p*m + 4*d + 7, 2*d + 7 + 4 = -5*m. Let a(c) = 3*c. Give a(m).
-3
Let x be 6/(-2) + (-2 - 12/(-3)). Let q(u) = 75*u + 3. Calculate q(x).
-72
Let h(o) = -26*o - 113. Let q(v) = -v - 47. Let g(l) = -h(l) + 2*q(l). Give g(-2).
-29
Let u(d) = d**3 - d + 4. Let l(n) = -5*n**2 + 22*n + 111. Let v(h) = -4*h**2 + 22*h + 110. Let k(o) = -5*l(o) + 6*v(o). Let i be k(-15). What is u(i)?
4
Let j(n) = -n**3 + 12*n**2 - 18*n - 12. Suppose 0 = -4*s + 5*v + 50, 0 = -4*s - s + v + 52. Calculate j(s).
8
Let y(w) = -11*w**2 + 13*w**2 - 4*w - 5 - 2 - 3*w**2. Let s(n) = -n**2 - 6*n - 6. Let v(x) = 6*s(x) - 7*y(x). Calculate v(6).
1
Let g(i) = -11*i**3 - 6*i**3 + 2*i**3. Let n = 100 + -95. Suppose 2 = 7*j - n*j. Determine g(j).
-15
Let f(n) = n + 2. Let o(q) = 2*q**3 + 14*q**2 + 8*q + 84. Let r be o(-7). Suppose -r = c - 26. Calculate f(c).
0
Let x = -149 - -154. Let j(k) = 40 - 117 + 37 - k**2 + 38 - x*k. Determine j(-5).
-2
Let j(l) = 0 + l**2 + 3 - 6 + 76*l - 1 - 91*l. Calculate j(14).
-18
Suppose 0 = -3*r - k + 5, -11*k + 10 = 2*r - 9*k. Let g = 7 + -4. Let a(y) = -y**3 + 0*y + 1 - 4*y + y**2 + g*y. Give a(r).
1
Suppose -8 = -18*g + 10. Let k(w) = 13*w + 4 - g + 3 - 4 - 3. Determine k(1).
12
Let x = 22 - 17. Let y(i) = 5 + i - 553*i**3 + 1102*i**3 - 550*i**3 + 5*i**2. Give y(x).
10
Let y(q) be the first derivative of -7/2*q**2 - 1/12*q**4 - 11 - 1/20*q**5 - 1/6*q**3 - 19*q. Let o(t) be the first derivative of y(t). Calculate o(0).
-7
Let h(b) = 2*b**2 - 3*b - 2. Let y be (-11)/(-99) - (-1)/(-9). Let t be (-7)/1 - (y + -30)/6. Give h(t).
12
Let s(d) = d - 45. Suppose 0 = 5*g + 3*h + 9, 4*g = -4*h - 43 + 31. Calculate s(g).
-45
Let o(l) = 5*l**2 - 1. Suppose 0 = 12*t - 17*t + 30. Suppose -t = -2*s - 4*s. Give o(s).
4
Let c(f) be the first derivative of 11*f**3 - 5*f**2/2 - 4*f + 3246. Give c(-1).
34
Let n be (3 + 3)*49/21. Let u(j) = n*j**2 - 2*j - 1 - 15*j**2 + 3. Determine u(-4).
-6
Let t(z) be the first derivative of -z**3/3 + 2*z**2 + 45*z - 213. Determine t(-5).
0
Let l be (-43)/9 - 4/18. Let f(r) = -38*r + 32*r - 3 + 2663*r**2 - 2664*r**2. Calculate f(l).
2
Suppose -4*h + f + 2036 = 5*f, -5*f = h - 493. Let b(s) = 514*s - 7 - h*s + 2. Calculate b(3).
-2
Let f(i) = i**2 - 8*i - 9. Let p be (-220)/(-20)*(1 - 0). Suppose 13 + 75 = p*l. Determine f(l).
-9
Suppose 3*s = -7*s + 30. Suppose 5*i + 3*b + 21 = 0, -31*i = -35*i - s*b - 15. Let l(u) = -u**3 - 4*u**2 + 7*u - 2. Give l(i).
28
Let h = -10 - -18. Let r(d) = h*d - d - 8*d**2 + 12 + 7*d**2. Let b = -28 + 37. Calculate r(b).
-6
Let r(y) = 4*y**3 + 22*y**2 + 2*y - 17. Let c(z) = -6*z**3 - 24*z**2 - 2*z + 17. Let b(f) = 3*c(f) + 4*r(f). What is b(8)?
-1
Let c be 9 + -1 + 2 + -3. Suppose 0*r = -3*r + 2*m + 44, -5*r - 2*m + 84 = 0. Let b(h) = 7*h - c + 8*h - r*h. Give b(-8).
1
Let w(q) = 7*q + 1. Let l be (-38)/(-14) + 2/7 - (41 + -38). What is w(l)?
1
Let m(j) = -j**3 - 14*j**2 + 2*j + 34. Suppose -14*u - 66 - 130 = 0. Calculate m(u).
6
Let g(y) = -y**3 - 10 - 2 + 9 - y**2. Let f be g(0). Let r(q) = -5*q**2 - 7*q - 4. Let t(l) = -11*l**2 - 15*l - 9. Let s(h) = -9*r(h) + 4*t(h). Determine s(f).
0
Suppose -194 - 70 = -6*j. Suppose -34 = 5*c - j. Let u(o) = -9 - 8 + o**c + 16 + 6*o. Calculate u(-6).
-1
Let b(i) = -3 - 7*i - 13*i + 2. Suppose -10 = -4*r + 22. Let m(a) = 4*a - 31. Let f be m(r). What is b(f)?
-21
Suppose 12 = -4*p + 272. Let h = p + -65. Let c(m) = -2*m**3 - 3*m**2 + 4*m - 2. Let n(a) = -3*a**3 - 4*a**2 + 5*a - 3. Let i(z) = 4*c(z) - 3*n(z). Give i(h).
1
Suppose -7*n + 12*n = 15. Suppose 0 = n*p - 12 - 3. Let w(b) = b - 49*b**3 - 4*b**2 + 25*b**3 - p + 23*b**3. What is w(-4)?
-9
Let r(w) = 31*w**3 + 28*w**2 + 10*w + 62. Let l(z) = 22*z**3 + 18*z**2 + 7*z + 42. Let t(f) = 7*l(f) - 5*r(f). Give t(-14).
-2
Let j(f) = -6*f + 23 - 29 + 9 + 5*f**2 + f**3. Suppose -4*k - 4*n = 40, k + 34 = -2*k - 4*n. Calculate j(k).
3
Suppose -31 = 3*b - 16. Let c(m) = m**2 + 4*m - 7. Let v(t) = 2*t**2 + 8*t - 18. Let i(p) = b*c(p) + 2*v(p). Let a = -12 + 8. Determine i(a).
-1
Suppose -5*h = 14 + 1. Suppose 22 = -2*l + 26. Let y(u) = -7*u**2 + 4*u**l - 1 + 2*u**2. Calculate y(h).
-10
Let m = 23084 - 23060. Let g(j) be the second derivative of 4/3*j**3 + 0 + m*j - j**2. Determine g(3).
22
Suppose -49*s - 4*y = -45*s + 8, 4*s + 2*y = -10. Let a(d) be the third derivative of d**5/60 - d**3/6 - 7*d**2. What is a(s)?
8
Let c(r) = r**2 - 9*r + 6. Let u(a) = 3*a**2 - 17*a + 12. Let o(q) = 5*c(q) - 2*u(q). Give o(-8).
30
Let g be (-3*10/45)/((-15)/90). Let d(r) = r**2 - 5*r + 3. Give d(g).
-1
Let v(g) = -g**3 - 4*g**2 - 3*g - 15. Let n(k) = -482*k + 1924. Let c be n(4). Determine v(c).
-3
Let i(t) be the third derivative of -1/24*t**4 - 1/6*t**3 + 0*t - 4*t**2 + 0 + 1/20*t**5. Calculate i(-1).
3
Let f(c) = 6*c + 41. Let s be f(-6). Let n(a) = -9*a**3 + 8*a**2 - 5*a + 21. Let q(b) = -4*b**3 + 4*b**2 - 2*b + 10. Let x(w) = 3*n(w) - 7*q(w). Give x(s).
13
Let s(l) = -5*l. Suppose -2*n + 3*r + 37 + 23 = 0, 3*n = 5*r + 88. Let m be (2 - (-22)/(-8))/(n/(-144)). Calculate s(m).
-15
Suppose 0 = 3*z - 3*d - 33, 30 = 3*z - 8*d - 18. Let j(n) = -n**2 + 2*n - 8. Calculate j(z).
-56
Let q = -9352 - -9359. Let j(z) = 9*z + 13. What is j(q)?
76
Let b(p) = -3*p + 20. Let t be b(13). Let u = t + 38. Let f(y) = -7*y**2 - 8*y + 32*y + 1 - u*y + y**3. Determine f(6).
-5
Let c = 537 + -532. Suppose c*q - 63 = -43. Let m(p) = -5*p + 2. Determine m(q).
-18
Let n(p) = -p**3 + 2*p**2 + 3*p - 4. Suppose 8*s = 17*s - 459. Suppose 19*y = 2*y + s. What is n(y)?
-4
Let m = -334 - -2005/6. Let z(x) be the second derivative of -m*x**3 + 0 - 13/2*x**2 - 12*x. Calculate z(-6).
-7
Let o(r) = r**3 + 15*r**2 + 10*r - 12. Let t be (-2)/10 + (-11454)/830. Determine o(t).
44
Suppose 3*m + 24 = 7*m. Let k(r) = -m*r**2 + 5*r**2 + 4*r - 2*r + 3 - r**3 - 2*r**2. Suppose 3*l = v - 9, -2*v - 6 = -0*v. Give k(l).
11
Let s(r) be the first derivative of -r**4 - r**3/3 + 3*r**2 + 3*r - 3234. What is s(-3)?
84
Let s(f) = -f**3 - 22*f**2 + 76*f - 7. Let i be s(3). Let n(w) be the second derivative of w**4/6 + 5*w**3/6 - 2*w**2 - w. Calculate n(i).
8
Let l be 3/9 + 209/(-33). Let q(b) be the third derivative of b**6/120 + 7*b**5/60 + 7*b**4/24 + 3*b**3/2 + 5*b**2. Determine q(l).
3
Let l be 2/(-6) - 374/(-33). Let a(m) = -m**2 + 212 + l*m - 218 - 4*m. Calculate a(7).
-6
Let n(s) = 13*s**2 - s + 21. Let k(u) = -31*u**2 - 45. Let l(h) = 4*k(h) + 9*n(h). Calculate l(1).
-7
Let p(s) = -20*s**2 + 1. Let m be 4/(-26) + ((-810)/13)/(-15). Suppose -w + 5 = z, 56*w - 61*w = m*z - 21. Determine p(w).
-19
Let s(n) = -36*n - 1579. Suppose 56 = -g + 4*y, -y = -3*g - 41 - 94. What is s(g)?
5
Let h = 233 + -230. Let b be 4/(-18)*h - 14/(-3). Let u(k) = -4*k - 4. Give u(b).
-20
Let d be (30/(-25))/(218/(-545)). Let f(c) be the second derivative of 0 + c**2 - 2/3*c**d - 34*c. Calculate f(3).
-10
Let u(n) = n**3 + 2*n**2 + n - 1. Suppose -4*w - 6*s + 4*s = 426, 0 = -3*w - 2*s - 318. Let v be (-11 - -3)*(-1680)/128. Let q = v + w. What is u(q)?
-13
Suppose -5*g + 75 = 5*r + 15, -2*g + 42 = -4*r. Suppose 0 = -4*l - g + 43. Let h(c) = 5 - 3*c**2 - 4 + c + 4*c**2 - l*c**3. Calculate h(-1).
8
Suppose -58 - 131 = -3*w. Let x(k) = w*k - 28*k - 1 - 32*k. Let y be ((-2)/4)/(2/4). Calculate x(y).
-4
Let c(v) be the second derivative of -v**4/4 + 11*v**3/6 - 5*v**2/2 - 306*v - 3. Give c(5).
-25
Suppose -4*z + 2*i = -732, -9*z + 889 = -4*z + 4*i. Let k(o) = -z*o**2 + 0 - o**3 + 2 + 189*o**2 - 9*o + o. What is k(7)?
-5
Let v(t) be the second derivative of -2/3*t**3 - 1/6*t**4 - 1/2*t**2 + 10*t + 0. Let p = 32 + -35. Determine v(p).
-7
Let f(r) = -116*r - 353. Suppose 620 = -488*h - 844. Calculate f(h).
-5
Let c(m) = m. Let x(b) = 5 + 5 - 5 + 13*b - 6. Let n(s) = -2*c(s) + x(s). Let i = -51 - -52. Calculate n(i).
10
Let x(j) = -j**3 - 5*j**2 + 4*j - 4. Let m be 15/(-20) - (-57)/12. Suppose -4*t - m*h = h + 24, 18 = -3*t - 4*h. What is x(t)?
8
Suppose -5*i + 58 = 4*m, 3*i - 37*m = -42*m + 27. Let o(u) be the first derivative of u**3 + 1/2*u**2 + i + 0*u. Determine o(-2).
10
Let f(l) = -l**3 + 12*l**2 + 27*l + 20. Suppose